{"id":271,"date":"2019-10-14T19:56:57","date_gmt":"2019-10-14T22:56:57","guid":{"rendered":"http:\/\/museudaeducacao.ufpa.br\/?page_id=271"},"modified":"2020-06-23T18:44:32","modified_gmt":"2020-06-23T21:44:32","slug":"fontes-documentais","status":"publish","type":"page","link":"https:\/\/museudaeducacao.ufpa.br\/index.php\/fontes-documentais\/","title":{"rendered":"FONTES DOCUMENTAIS"},"content":{"rendered":"\n<ol><li><a href=\"https:\/\/drive.google.com\/open?id=1M6yOMcoJLIFqAxl1uj6jVvFzjncwQKWC\">Fontes documentais coletadas do Instituto de Educa\u00e7\u00e3o Paraense (IEP), de 1968 \u00e0 1983.<\/a><br><\/li><li><a href=\"https:\/\/drive.google.com\/open?id=11QN6EeMIUmYPQNPUz4QojrKDpPEpvtRv\">Fontes documentais coletadas no Col\u00e9gio Paes de Carvalho<\/a>.<br><\/li><li><a href=\"https:\/\/drive.google.com\/open?id=1AgyWat-2vp4cC6sUPq2XIB22eh4nad-r\">Fontes sobre a trajet\u00f3ria da Professora Maria Anunciada Chaves<\/a>.<\/li><li><a href=\"https:\/\/drive.google.com\/drive\/folders\/1phoCW5CElSIw26vjhPkDfqkTrST2pOKA?usp=sharing\">Fontes Instituto Stella Mari.<\/a><\/li><li><a href=\"https:\/\/drive.google.com\/drive\/folders\/1FGww3x1fbH2LvBYuVyaTdRAbKLTUKx2h?usp=sharing\">Entrevistas com ex-alunas do IEP.<\/a><\/li><li><a href=\"https:\/\/drive.google.com\/drive\/folders\/1xr4kPHb7bZ0t05CPIOii0F11KRVI6d3n?usp=sharing\">Fontes da Assembleia Legislativa Paraense (ALEPA) e Centro Cultural e Tur\u00edstico Tacredo Neves (CENTUR) sobre o Instituto de Educa\u00e7\u00e3o Paraense (IEP), de 1975 \u00e0 1980. <\/a><\/li><\/ol>\n","protected":false},"excerpt":{"rendered":"<p>Fontes documentais coletadas do Instituto de Educa\u00e7\u00e3o Paraense (IEP), de 1968 \u00e0 1983. Fontes documentais coletadas no Col\u00e9gio Paes de Carvalho. Fontes sobre a trajet\u00f3ria da Professora Maria Anunciada Chaves. Fontes Instituto Stella Mari. Entrevistas com ex-alunas do IEP. Fontes da Assembleia Legislativa Paraense (ALEPA) e Centro Cultural e Tur\u00edstico Tacredo Neves (CENTUR) sobre o [&hellip;]<\/p>\n","protected":false},"author":3,"featured_media":0,"parent":0,"menu_order":0,"comment_status":"closed","ping_status":"closed","template":"","meta":[],"_links":{"self":[{"href":"https:\/\/museudaeducacao.ufpa.br\/index.php\/wp-json\/wp\/v2\/pages\/271"}],"collection":[{"href":"https:\/\/museudaeducacao.ufpa.br\/index.php\/wp-json\/wp\/v2\/pages"}],"about":[{"href":"https:\/\/museudaeducacao.ufpa.br\/index.php\/wp-json\/wp\/v2\/types\/page"}],"author":[{"embeddable":true,"href":"https:\/\/museudaeducacao.ufpa.br\/index.php\/wp-json\/wp\/v2\/users\/3"}],"replies":[{"embeddable":true,"href":"https:\/\/museudaeducacao.ufpa.br\/index.php\/wp-json\/wp\/v2\/comments?post=271"}],"version-history":[{"count":9,"href":"https:\/\/museudaeducacao.ufpa.br\/index.php\/wp-json\/wp\/v2\/pages\/271\/revisions"}],"predecessor-version":[{"id":757,"href":"https:\/\/museudaeducacao.ufpa.br\/index.php\/wp-json\/wp\/v2\/pages\/271\/revisions\/757"}],"wp:attachment":[{"href":"https:\/\/museudaeducacao.ufpa.br\/index.php\/wp-json\/wp\/v2\/media?parent=271"}],"curies":[{"name":"wp","href":"https:\/\/api.w.org\/{rel}","templated":true}]}}

<ol><li><a href="https://drive.google.com/open?id=1M6yOMcoJLIFqAxl1uj6jVvFzjncwQKWC">Fontes documentais coletadas do Instituto de Educação Paraense (IEP), de 1968 à 1983.</a><br></li><li><a href="https://drive.google.com/open?id=11QN6EeMIUmYPQNPUz4QojrKDpPEpvtRv">Fontes documentais coletadas no Colégio Paes de Carvalho</a>.<br></li><li><a href="https://drive.google.com/open?id=1AgyWat-2vp4cC6sUPq2XIB22eh4nad-r">Fontes sobre a trajetória da Professora Maria Anunciada Chaves</a>.</li><li><a href="https://drive.google.com/drive/folders/1phoCW5CElSIw26vjhPkDfqkTrST2pOKA?usp=sharing">Fontes Instituto Stella Mari.</a></li><li><a href="https://drive.google.com/drive/folders/1FGww3x1fbH2LvBYuVyaTdRAbKLTUKx2h?usp=sharing">Entrevistas com ex-alunas do IEP.</a></li><li><a href="https://drive.google.com/drive/folders/1xr4kPHb7bZ0t05CPIOii0F11KRVI6d3n?usp=sharing">Fontes da Assembleia Legislativa Paraense (ALEPA) e Centro Cultural e Turístico Tacredo Neves (CENTUR) sobre o Instituto de Educação Paraense (IEP), de 1975 à 1980. </a></li></ol>

<p>Fontes documentais coletadas do Instituto de Educação Paraense (IEP), de 1968 à 1983. Fontes documentais coletadas no Colégio Paes de Carvalho. Fontes sobre a trajetória da Professora Maria Anunciada Chaves. Fontes Instituto Stella Mari. Entrevistas com ex-alunas do IEP. Fontes da Assembleia Legislativa Paraense (ALEPA) e Centro Cultural e Turístico Tacredo Neves (CENTUR) sobre o [&hellip;]</p>
