{"id":31,"date":"2019-07-03T11:20:59","date_gmt":"2019-07-03T14:20:59","guid":{"rendered":"http:\/\/museudaeducacao.ufpa.br\/?page_id=31"},"modified":"2019-11-18T21:17:00","modified_gmt":"2019-11-19T00:17:00","slug":"eventos","status":"publish","type":"page","link":"https:\/\/museudaeducacao.ufpa.br\/index.php\/eventos\/","title":{"rendered":"Eventos"},"content":{"rendered":"\n<div class=\"wp-block-image\"><figure class=\"aligncenter is-resized\"><img loading=\"lazy\" src=\"http:\/\/museudaeducacao.ufpa.br\/wp-content\/uploads\/2019\/11\/HISTEDBR.jpg\" alt=\"\" class=\"wp-image-558\" width=\"541\" height=\"681\" srcset=\"https:\/\/museudaeducacao.ufpa.br\/wp-content\/uploads\/2019\/11\/HISTEDBR.jpg 720w, https:\/\/museudaeducacao.ufpa.br\/wp-content\/uploads\/2019\/11\/HISTEDBR-238x300.jpg 238w, https:\/\/museudaeducacao.ufpa.br\/wp-content\/uploads\/2019\/11\/HISTEDBR-198x250.jpg 198w\" sizes=\"(max-width: 541px) 100vw, 541px\" \/><\/figure><\/div>\n\n\n\n<p><a href=\"https:\/\/www.even3.com.br\/seminariodohistedbregephe\/\" target=\"_blank\" rel=\"noreferrer noopener\" aria-label=\"Clique aqui para acessar a pagina do evento (abre numa nova aba)\">Clique aqui para acessar a pagina do evento<\/a><\/p>\n\n\n\n<p style=\"text-align:center\"><p align=\"justify\"><font FACE=Times COLOR=\"black\">O\u00a0SEMIN\u00c1RIO DO HISTEDBR E GEPHE: Di\u00e1logos sobre hist\u00f3ria da educa\u00e7\u00e3o tem por objetivo\u00a0promover o di\u00e1logo da comunidade acad\u00eamica com pesquisadores de Universidades locais e nacional sobre diferentes temas e abordagens que sedimentam a produ\u00e7\u00e3o do conhecimento sobre a Hist\u00f3ria da educa\u00e7\u00e3o, al\u00e9m de apresentar e discutir Disserta\u00e7\u00f5es e Planos de Trabalho de Inicia\u00e7\u00e3o Cient\u00edfica produzidas no GEPHE e no HISTEDBR.<br> O aprofundamento da discuss\u00e3o sobre o campo e \u00e1rea da Hist\u00f3ria da  Educa\u00e7\u00e3o, sobre diferentes perspectivas te\u00f3ricas e tem\u00e1ticas certamente  contribuir\u00e1 para ampliar as diferentes perspectivas  te\u00f3rico-metodol\u00f3gicas, com foco privilegiado na educa\u00e7\u00e3o b\u00e1sica  brasileira. <\/p>\n\n\n\n<p style=\"text-align:center\"><\/p>\n\n\n\n<figure class=\"wp-block-image\"><img loading=\"lazy\" width=\"960\" height=\"960\" src=\"http:\/\/museudaeducacao.ufpa.br\/wp-content\/uploads\/2019\/10\/73074802_2396375230613162_5823762515623936000_n-1.jpg\" alt=\"\" class=\"wp-image-384\" srcset=\"https:\/\/museudaeducacao.ufpa.br\/wp-content\/uploads\/2019\/10\/73074802_2396375230613162_5823762515623936000_n-1.jpg 960w, https:\/\/museudaeducacao.ufpa.br\/wp-content\/uploads\/2019\/10\/73074802_2396375230613162_5823762515623936000_n-1-150x150.jpg 150w, https:\/\/museudaeducacao.ufpa.br\/wp-content\/uploads\/2019\/10\/73074802_2396375230613162_5823762515623936000_n-1-300x300.jpg 300w, https:\/\/museudaeducacao.ufpa.br\/wp-content\/uploads\/2019\/10\/73074802_2396375230613162_5823762515623936000_n-1-768x768.jpg 768w, https:\/\/museudaeducacao.ufpa.br\/wp-content\/uploads\/2019\/10\/73074802_2396375230613162_5823762515623936000_n-1-250x250.jpg 250w\" sizes=\"(max-width: 960px) 100vw, 960px\" \/><figcaption> 2\u00aa Chamada de trabalhos at\u00e9 21\/10.<br> <br>  A 6\u00aa edi\u00e7\u00e3o do Semin\u00e1rio Ibero-americano Arquitetura e Documenta\u00e7\u00e3o  vai, mais uma vez, reunir profissionais e pesquisadores da regi\u00e3o  ibero-americana para discutir a conjun\u00e7\u00e3o entre arquitetura, arte,  hist\u00f3ria, arquivos e informa\u00e7\u00e3o.<br> Contando com os maiores  especialistas da \u00e1rea, o Semin\u00e1rio vai discutir como a redescoberta dos  arquivos tem revolucionado a escrita e a pr\u00f3pria produ\u00e7\u00e3o da  Arquitetura.<br> Com o apoio do ICOMOS\/BRASIL, nesta 6a edi\u00e7\u00e3o vai se formar o Comit\u00ea Cient\u00edfico Brasileiro para a Documenta\u00e7\u00e3o do Patrim\u00f4nio.<br> <br> Mais informa\u00e7\u00f5es sobre o evento em: <a rel=\"noreferrer noopener\" href=\"https:\/\/www.even3.com.br\/seminarioarqedoc2019\/?fbclid=IwAR0Xp-vQNQYcQf483uZjSODabQxOJIvPLpbYV-taRwsUYuTPUMDiWcUxV2M\" target=\"_blank\">https:\/\/www.even3.com.br\/<br>seminarioarqedoc2019\/<\/a> <\/figcaption><\/figure>\n\n\n\n<div class=\"wp-block-image\"><figure class=\"aligncenter\"><img loading=\"lazy\" width=\"344\" height=\"480\" src=\"http:\/\/museudaeducacao.ufpa.br\/wp-content\/uploads\/2019\/10\/coloquio-cartaz-1-733x1024.jpg\" alt=\"\" class=\"wp-image-246\" srcset=\"https:\/\/museudaeducacao.ufpa.br\/wp-content\/uploads\/2019\/10\/coloquio-cartaz-1-733x1024.jpg 344w, https:\/\/museudaeducacao.ufpa.br\/wp-content\/uploads\/2019\/10\/coloquio-cartaz-1-733x1024-215x300.jpg 215w, https:\/\/museudaeducacao.ufpa.br\/wp-content\/uploads\/2019\/10\/coloquio-cartaz-1-733x1024-179x250.jpg 179w\" sizes=\"(max-width: 344px) 100vw, 344px\" \/><figcaption><a href=\"http:\/\/www2.uesb.br\/museupedagogico\/\" target=\"_blank\" rel=\"noreferrer noopener\" aria-label=\"LINK PARA INSCRI\u00c7\u00c3O (abre numa nova aba)\">LINK PARA INSCRI\u00c7\u00c3O<\/a><\/figcaption><\/figure><\/div>\n\n\n\n<h4 style=\"text-align:center\">XIII Col\u00f3quio Nacional e VI Col\u00f3quio Internacional do Museu Pedag\u00f3gico \u2013 15 a 18 de outubro de 2019<\/h4>\n\n\n\n<p style=\"text-align:center\">O\n Museu Pedag\u00f3gico da UESB agrega grupos de estudos e pesquisas que t\u00eam \ncomo objetivo a produ\u00e7\u00e3o coletiva do conhecimento \u00e0 luz da Hist\u00f3ria da \nEduca\u00e7\u00e3o e das Ci\u00eancias. Desde o ano de 2001, os seus pesquisadores \nelegem um tema comum para ser discutido a cada dois anos em um col\u00f3quio \nnacional e internacional. No ano em curso, o XIII Col\u00f3quio Nacional e VI\n Col\u00f3quio Internacional do Museu Pedag\u00f3gico: \u201cDistopia, barb\u00e1rie e \ncontraofensivas no mundo contempor\u00e2neo\u201d abordar\u00e1 os acontecimentos \nexpressivos que nesse primeiro quartel do s\u00e9culo XXI t\u00eam provocado \u201cum \nfuturo diat\u00f3pico: um porvir em que a vida de diversos grupos ou povos \nestaria diariamente afetada e colocada em risco\u201d (TALONE, 2018). Neste \ncen\u00e1rio, a constru\u00e7\u00e3o do conhecimento cient\u00edfico e da educa\u00e7\u00e3o exerce um\n papel preponderante de condu\u00e7\u00e3o e produ\u00e7\u00e3o do controle e imposi\u00e7\u00e3o \nideol\u00f3gica, observadas na contemporaneidade, levada ao extremo nas \nrealidades diat\u00f3picas (CERQUEIRA, 2017), mas tamb\u00e9m a dial\u00e9tica \nhist\u00f3rica das utopias, da emancipa\u00e7\u00e3o humana e os processos \ncontraofensivos que se articularam nas malhas desses processos e suas \ndin\u00e2micas no presente. Desse modo, o Col\u00f3quio do Museu Pedag\u00f3gico prop\u00f5e\n uma reflex\u00e3o sobre a dimens\u00e3o e amplitude dos problemas sociais, \npol\u00edticos e econ\u00f4micos na atualidade, sem perder de vista a an\u00e1lise \nsobre as alternativas para a sua supera\u00e7\u00e3o.<\/p>\n","protected":false},"excerpt":{"rendered":"<p>Clique aqui para acessar a pagina do evento O\u00a0SEMIN\u00c1RIO DO HISTEDBR E GEPHE: Di\u00e1logos sobre hist\u00f3ria da educa\u00e7\u00e3o tem por objetivo\u00a0promover o di\u00e1logo da comunidade acad\u00eamica com pesquisadores de Universidades locais e nacional sobre diferentes temas e abordagens que sedimentam a produ\u00e7\u00e3o do conhecimento sobre a Hist\u00f3ria da educa\u00e7\u00e3o, al\u00e9m de apresentar e discutir Disserta\u00e7\u00f5es [&hellip;]<\/p>\n","protected":false},"author":1,"featured_media":0,"parent":0,"menu_order":0,"comment_status":"closed","ping_status":"closed","template":"","meta":[],"_links":{"self":[{"href":"https:\/\/museudaeducacao.ufpa.br\/index.php\/wp-json\/wp\/v2\/pages\/31"}],"collection":[{"href":"https:\/\/museudaeducacao.ufpa.br\/index.php\/wp-json\/wp\/v2\/pages"}],"about":[{"href":"https:\/\/museudaeducacao.ufpa.br\/index.php\/wp-json\/wp\/v2\/types\/page"}],"author":[{"embeddable":true,"href":"https:\/\/museudaeducacao.ufpa.br\/index.php\/wp-json\/wp\/v2\/users\/1"}],"replies":[{"embeddable":true,"href":"https:\/\/museudaeducacao.ufpa.br\/index.php\/wp-json\/wp\/v2\/comments?post=31"}],"version-history":[{"count":10,"href":"https:\/\/museudaeducacao.ufpa.br\/index.php\/wp-json\/wp\/v2\/pages\/31\/revisions"}],"predecessor-version":[{"id":564,"href":"https:\/\/museudaeducacao.ufpa.br\/index.php\/wp-json\/wp\/v2\/pages\/31\/revisions\/564"}],"wp:attachment":[{"href":"https:\/\/museudaeducacao.ufpa.br\/index.php\/wp-json\/wp\/v2\/media?parent=31"}],"curies":[{"name":"wp","href":"https:\/\/api.w.org\/{rel}","templated":true}]}}